2.
93
Suppose 80 + 26 = 2*t. Suppose t*j - 78 = 52*j. What is the highest common factor of j and 26?
26
Let u be 52/2 + (-12)/4. Let p(g) = -6*g**3 - 66*g**2 - 70*g - 54. Let m be p(-10). What is the highest common factor of m and u?
23
Let v(c) = c**2 + 2*c + 24. Let a be v(8). Suppose -426 = -2*k - a. Let g = 336 - k. Calculate the greatest common divisor of 25 and g.
25
Let v(h) = h + 1. Let y be v(-12). Let j be (2/1 + 0)*y/(-2). Let a = j + -3. Calculate the greatest common divisor of 64 and a.
8
Let i(h) = h**3 - 5*h**2 + 2*h + 10. Let p be ((-1173)/68)/((-1)/(-4)) + 0. Let s = p + 75. Let w be i(s). Calculate the highest common divisor of w and 87.
29
Suppose 5*z - 2472 = -4*r + z, -r + 5*z + 612 = 0. Let q = -305 + r. Calculate the highest common factor of 520 and q.
104
Let j(h) = 3*h**3 + 17*h**2 - 7*h + 3. Let k be j(-6). Let o(s) = 24*s - 184. Let v be o(k). Calculate the highest common divisor of 96 and v.
32
Let v(d) = d**2 + 2*d + 10. Let z be v(0). Suppose 2*b = z, -2*q - b = 2*q + 2803. Let y be (64/12 - 4)/((-4)/q). What is the highest common factor of 26 and y?
26
Let f(q) = q**3 - 59*q**2 + q + 32. Let m be f(59). Suppose 7 = -n + 42. Calculate the greatest common factor of n and m.
7
Let i(c) = 27*c + 29. Let k be i(-2). Let q = -6 - k. What is the highest common factor of q and 209?
19
Let w be -62*2/14*(-4 + -3). Let h = -9 + -40. Let v = w - h. What is the highest common factor of v and 74?
37
Let p(k) = k**2 + 10*k + 21. Let t be p(-11). Let u be -1*(2 + -143) + (t - 27). Calculate the greatest common factor of u and 365.
73
Let a be 1914/348*(-2 + 422). What is the greatest common factor of a and 20?
10
Let k(y) = -5*y + 8. Let h be k(-18). Let g = 72 - 50. Let c = -8 + g. What is the highest common divisor of c and h?
14
Let d = 5529 - -1088. What is the highest common divisor of 13 and d?
13
Suppose 10*x - 55456 = -22*x. Suppose 0 = -4*v - 617 + x. What is the highest common divisor of 62 and v?
31
Suppose -93*g - 25*g = -28947 - 104039. What is the highest common divisor of g and 931?
49
Suppose 806 = 54*x - 166. Suppose -2*r + 126 = 4*z, -2*r + 81 = -x*z + 13*z. Suppose -a + 1060 = 3*a. Calculate the greatest common factor of a and r.
53
Let n(l) = -l**3 - 61*l**2 + 59*l - 109. Let v be n(-62). What is the greatest common factor of v and 7?
7
Let r(t) = 7*t**2 - 10*t + 10. Let a be r(1). Let i(f) = f**3 - 12*f**2 + 33*f + 20. Let z be i(a). Calculate the greatest common divisor of 438 and z.
6
Suppose 7*u - 385 = 203. Let q = u + -149. Let w = 67 + q. Calculate the highest common divisor of w and 2.
2
Let y be (-1)/((-4)/(-6) + -3 + 2). Let f be (-26)/(-39) - ((-7)/y - 1). Suppose -3*m = -12, -n + f*m - 9 = -0. What is the highest common divisor of n and 56?
7
Let z = 783 - 679. Suppose 4*w = -w - 4*l + 45, -2*w + 4*l + 46 = 0. Calculate the greatest common factor of z and w.
13
Let o be (-82)/3*(6 - 0). Let s = -87 - o. Calculate the greatest common factor of 22 and s.
11
Suppose 26*r = 28*r + 2*j - 13194, 4*j - 19796 = -3*r. Calculate the greatest common divisor of r and 64.
64
Let c = -111 + 166. Let m = 12429 - 12414. Calculate the highest common divisor of m and c.
5
Let s(b) = 32*b**2 - 9*b - 6. Let j be s(2). What is the highest common divisor of 4316 and j?
52
Let z = 6325 + -6085. Let x = -42 - -72. What is the highest common factor of z and x?
30
Suppose 4*t + 36 = 4*k, -2*k + 3*t = 3*k - 55. Let q = -132243 + 132292. Calculate the greatest common divisor of q and k.
7
Let d(q) be the third derivative of q**5/30 + 31*q**4/12 - 10*q**3 + 42*q**2. Let z be d(-32). What is the highest common factor of z and 2?
2
Suppose -38 = -14*h - 10. Calculate the highest common factor of h and 14.
2
Suppose 5*m = 5*d - 3*d - 22855, -22835 = -2*d + m. What is the greatest common divisor of 45 and d?
15
Suppose 0 = -325*r + 310*r + 20550. What is the highest common factor of 10 and r?
10
Let v(n) = 2*n**3 + 109*n**2 - 86*n - 66. Let r be v(-54). What is the highest common factor of 6 and r?
6
Let d = -810 - -1201. Let y be 12/4 + (d + -2)*1. What is the highest common divisor of 8 and y?
8
Let l(s) = -s**2 - 125*s - 3721. Let d be l(-58). What is the greatest common factor of 1275 and d?
15
Let q = 754 - 532. Let s = -159 + q. What is the greatest common factor of s and 21?
21
Let c(a) be the first derivative of 2*a**3/3 - 4*a**2 - 30*a - 1. Let b be c(9). Suppose 40*p - b = 35*p. What is the greatest common factor of p and 6?
6
Let c = 4 + 5. Let d be (2*3)/(6 + -3). Suppose -n - d*n + 74 = 5*q, -2*q - 28 = -2*n. What is the highest common divisor of n and c?
9
Suppose 5*b + 196 = -5*f - 409, 3*b + f + 353 = 0. Let s = b - -251. Let k be 15 + ((-12)/4 - -3). Calculate the greatest common divisor of k and s.
15
Let z = -13 - -58. Suppose -1739*i + 889*i + 866*i = 3600. Calculate the greatest common divisor of z and i.
45
Let y(c) = 201*c + 2. Let m be y(-1). Let r = 226 + m. Let n be 2/(2/(-9)*-3). What is the greatest common factor of n and r?
3
Let h be (13 - (-3 - -11)) + -9 - -23. Calculate the highest common divisor of 5738 and h.
19
Let z(t) = -t**2 + 42. Let w be z(0). Suppose 2*y - 360 = -3*r, 4*y = -5*r + 394 + 208. Let c = r + -106. Calculate the highest common factor of w and c.
6
Suppose -45 + 20 = 5*o, -955 = -k - 4*o. Calculate the greatest common divisor of 234 and k.
39
Suppose 754 = 2*a - 4*k, -2*a - 2*k + 1117 = 345. Suppose 5*g + 4*j - a = 0, g - 65 = -9*j + 14*j. What is the highest common factor of g and 15?
15
Let z = -47 + 207. Let x = 364 + -354. Suppose 95*l - 94*l - x = 0. Calculate the highest common divisor of z and l.
10
Let f(w) = -2*w - 5*w + 566 - w**2 - 28*w - 524. Let a be f(-31). Calculate the greatest common factor of a and 83.
83
Let q = -440 + 450. Suppose 90 + q = 4*v. What is the greatest common divisor of v and 225?
25
Let k(g) = g**2 - 532*g + 7424. Let u be k(14). Calculate the highest common factor of u and 6.
2
Let o(j) = -j - 4. Let b be o(-7). Suppose 0*q = q + b*q. Suppose -2*w - l + 57 = q, w - 3*w + 72 = 4*l. Calculate the greatest common factor of 104 and w.
26
Let v(f) = 4*f**3 + f**2 - 9*f + 4. Let i be v(6). Suppose -3025 - 2334 = -202*b + 1509. What is the greatest common divisor of b and i?
34
Suppose -4*l + 703 = 111. Suppose l + 27 = 5*b. Suppose 13*i - 14*i - 18 = -2*w, -5*w - 5*i - 15 = 0. What is the greatest common divisor of b and w?
5
Let j be (18 + -14)/(1/8). Suppose r = -r + 8. Suppose -4*a - 128 = 3*f - r*f, 4*a = -5*f + 640. What is the greatest common factor of j and f?
32
Suppose 4*j + 150 = -154. Let a be 2/(-8)*-1 + (-22553)/j. Calculate the greatest common divisor of a and 22.
11
Let t be 112/(2 + 2)*(-3)/(-6). Let v = -9 + t. Let w be 0 + 0 + (-5 + v - -16). Calculate the highest common factor of 128 and w.
16
Let w be (-2 + (-3738)/(-14))/(-2 - -3). What is the highest common divisor of 1961 and w?
53
Let h = 619 + -1064. Let v = -418 - h. Calculate the greatest common factor of v and 351.
27
Let r be 335/5 - (3 - 1). Let l = r - 52. Suppose u = 57 + 47. Calculate the highest common divisor of u and l.
13
Let c(a) = a**3 - 24*a**2 + 33*a - 23. Let n(y) = -41*y + 310. Let w be n(7). Let i be c(w). What is the greatest common factor of 46 and i?
23
Let n = -11 - -11. Suppose -7*t + 472 + 88 = n. Suppose 5*q = -2*b + 84, -5*q + 20 = b - 32. What is the greatest common divisor of b and t?
16
Suppose 0 = 2*r - f - 43 + 547, 0 = -5*f + 20. Let m = r - -259. What is the highest common divisor of 72 and m?
9
Let i(y) = -76*y. Let j be i(2). Let c be ((-6)/(-33) + (-1600)/330)*54. Let t = j - c. What is the greatest common factor of 10 and t?
10
Let n = 14 + -48. Let l be n - (4 + (-12)/4). Let s = l - -52. Calculate the greatest common divisor of s and 119.
17
Let m(f) = -6*f + 235. Let b be m(17). Let y = -121 + b. What is the greatest common divisor of 10 and y?
2
Suppose -30 - 50 = -16*q. Suppose 0 = 4*j - l + q*l - 2444, -5*j = 2*l - 3052. What is the highest common divisor of j and 61?
61
Let q(y) = 8*y + 14. Let j(v) = v**3 + 6*v**2. Let x be j(-6). Let k be q(x). What is the highest common factor of k and 154?
14
Suppose 0 = b + 3*g - 8 - 787, 4*g - 2350 = -3*b. Calculate the greatest common factor of 5547 and b.
129
Let o = -10101 - -10991. 